rue
Is 42 a factor of 459364?
False
Does 17 divide 336880?
False
Is 500001 a multiple of 297?
False
Does 732 divide 1183644?
True
Does 2 divide 238813?
False
Is 71519 even?
False
Does 694 divide 1654073?
False
Does 29 divide 647657?
True
Does 14 divide 37905?
False
Does 156 divide 344448?
True
Is 7 a factor of 296695?
True
Is 6127440 a multiple of 22?
True
Does 527 divide 222831?
False
Does 8 divide 4507908?
False
Does 57 divide 6453312?
True
Is 240 a factor of 157680?
True
Is 119 a factor of 1817416?
False
Is 5022980 a multiple of 76?
False
Is 1611130 a multiple of 734?
True
Is 319723 a multiple of 28?
False
Does 16 divide 17856?
True
Is 18968 a multiple of 8?
True
Does 22 divide 167090?
True
Is 13 a factor of 221817?
False
Does 2 divide 27704?
True
Does 353 divide 13530151?
False
Is 4 a factor of 3146464?
True
Is 136192 a multiple of 14?
True
Does 567 divide 5413716?
True
Is 4572810 a multiple of 186?
True
Is 6317244 a multiple of 36?
True
Is 64 a factor of 100374?
False
Is 227 a factor of 104274?
False
Is 8669241 a multiple of 21?
True
Does 60 divide 149888?
False
Is 131440 a multiple of 20?
True
Is 4378893 a multiple of 11?
False
Is 4969311 a multiple of 40?
False
Does 13 divide 4646?
False
Does 626 divide 8310387?
False
Does 137 divide 2355304?
True
Is 4341219 a multiple of 98?
False
Is 756 a factor of 4380330?
False
Is 188 a factor of 1749067?
False
Is 50 a factor of 1268745?
False
Is 664 a factor of 12340440?
True
Does 23 divide 4898215?
False
Is 230901 a multiple of 11?
True
Is 3794883 a multiple of 758?
False
Is 7 a factor of 13718?
False
Is 28 a factor of 31864?
True
Does 7 divide 832945?
False
Is 241 a factor of 993261?
False
Is 510236 a multiple of 48?
False
Does 56 divide 14504?
True
Is 215 a factor of 4943632?
False
Does 4 divide 797843?
False
Is 18 a factor of 143658?
True
Does 2 divide 19944?
True
Is 32 a factor of 181273?
False
Does 46 divide 22740?
False
Is 61303 a multiple of 20?
False
Does 106 divide 603034?
True
Is 9325125 a multiple of 225?
True
Is 111949 a multiple of 2?
False
Does 5 divide 67130?
True
Is 9 a factor of 18223?
False
Is 69 a factor of 89179?
False
Does 60 divide 156777?
False
Does 22 divide 282964?
True
Is 25 a factor of 1515975?
True
Does 61 divide 111813?
True
Is 2662846 a multiple of 578?
True
Is 17136 a multiple of 2?
True
Is 218482 a multiple of 203?
False
Is 10 a factor of 192742?
False
Does 4 divide 1000240?
True
Does 82 divide 5935040?
False
Is 779589 a multiple of 893?
True
Is 95 a factor of 78210?
False
Does 154 divide 247478?
True
Is 1525 a factor of 6295200?
True
Does 97 divide 1218656?
False
Does 62 divide 2041886?
False
Is 613666 a multiple of 17?
True
Is 68 a factor of 4653308?
True
Is 761374 a multiple of 725?
False
Does 45 divide 232605?
True
Is 205673 a multiple of 72?
False
Is 255041 a multiple of 113?
True
Is 72430 a multiple of 78?
False
Is 3 a factor of 280431?
True
Is 39 a factor of 60528?
True
Is 44639 a multiple of 11?
False
Is 439109 a multiple of 12?
False
Does 29 divide 494827?
True
Is 303 a factor of 103175?
False
Does 350 divide 317450?
True
Is 38360 a multiple of 475?
False
Does 9 divide 39321?
True
Is 282 a factor of 22600550?
False
Is 5861543 a multiple of 1517?
False
Does 31 divide 9205843?
False
Is 4063259 a multiple of 29?
False
Is 24 a factor of 1405092?
False
Is 9428402 a multiple of 631?
True
Is 41 a factor of 63878?
True
Is 19497408 a multiple of 21?
True
Is 771 a factor of 5583308?
False
Does 63 divide 159768?
True
Is 285511 a multiple of 7?
False
Is 50 a factor of 11047600?
True
Does 29 divide 159877?
True
Is 26447930 a multiple of 46?
True
Is 26 a factor of 3659708?
True
Does 21 divide 143843?
False
Is 19 a factor of 4550584?
False
Is 363286 a multiple of 22?
True
Is 2 a factor of 57107?
False
Is 1500800 a multiple of 70?
True
Is 15 a factor of 545324?
False
Is 1238900 a multiple of 4?
True
Is 94 a factor of 276360?
True
Does 359 divide 952068?
True
Does 8 divide 22432?
True
Is 20 a factor of 456528?
False
Is 694 a factor of 1301944?
True
Is 41 a factor of 2768443?
True
Does 4 divide 115707?
False
Is 169 a factor of 519501?
False
Is 55 a factor of 17930?
True
Is 385221 a multiple of 565?
False
Is 2777247 a multiple of 1039?
True
Does 27 divide 236142?
True
Does 69 divide 2192544?
True
Is 314869 a multiple of 80?
False
Is 370590 a multiple of 12?
False
Is 58050 a multiple of 129?
True
Does 19 divide 1084146?
False
Does 3 divide 21643?
False
Does 11 divide 31984?
False
Does 23 divide 3361646?
False
Does 336 divide 91456?
False
Is 2518504 a multiple of 15?
False
Is 31 a factor of 85391?
False
Is 444999 a multiple of 10?
False
Is 70476 a multiple of 12?
True
Is 208870 a multiple of 208?
False
Is 74292 a multiple of 82?
True
Is 48096 a multiple of 6?
True
Is 10 a factor of 81969?
False
Is 34 a factor of 234440?
False
Does 182 divide 1800205?
False
Is 9760224 a multiple of 24?
True
Is 581716 a multiple of 4?
True
Does 27 divide 3620727?
True
Is 19572 a multiple of 44?
False
Is 1718733 a multiple of 93?
True
Is 26 a factor of 1661166?
True
Is 57 a factor of 22717?
False
Does 5 divide 1363987?
False
Does 26 divide 7522190?
True
Is 927 a factor of 284589?
True
Is 367403 a multiple of 61?
True
Does 58 divide 454604?
True
Is 243 a factor of 195615?
True
Is 49163 a multiple of 114?
False
Does 282 divide 16472748?
True
Does 6 divide 117748?
False
Is 73 a factor of 559399?
True
Is 64 a factor of 9178244?
False
Is 86790 a multiple of 33?
True
Is 1262 a factor of 16632841?
False
Does 138 divide 1615361?
False
Does 1540 divide 3461920?
True
Is 3965 a multiple of 793?
True
Is 32 a factor of 230216?
False
Is 12 a factor of 6199989?
False
Is 465 a factor of 1369425?
True
Is 595 a factor of 468860?
True
Is 14570 a multiple of 38?
False
Does 9 divide 245718?
True
Is 18937 a multiple of 11?
False
Does 243 divide 46170?
True
Does 172 divide 220160?
True
Is 2348653 a multiple of 31?
True
Is 16 a factor of 270592?
True
Is 10 a factor of 24781010?
True
Does 12 divide 453832?
False
Is 12792 a multiple of 533?
True
Is 182 a factor of 423514?
True
Is 4901371 a multiple of 594?
False
Is 340425 a multiple of 25?
True
Does 30 divide 406500?
True
Is 24031 a multiple of 7?
True
Is 15889417 a multiple of 14?
False
Is 22785 a multiple of 3?
True
Is 368 a factor of 1948687?
False
Is 17032 a multiple of 4?
True
Is 130276 a multiple of 264?
False
Is 571065 a multiple of 15?
True
Does 78 divide 5525208?
True
Is 6860 a multiple of 140?
True
Is 110196 a multiple of 18?
True
Does 2 divide 11184?
True
Is 37760118 a multiple of 118?
True
Is 84 a factor of 309456?
True
Does 16 divide 8123169?
False
Is 24 a factor of 149527?
False
Does 9 divide 1166895?
True
Does 1344 divide 2147712?
True
Is 3659880 a multiple of 19?
False
Is 364 a factor of 413191?
False
Does 16 divide 6318613?
False
Is 2995152 a multiple of 184?
True
Does 41 divide 1070403?
False
Is 58 a factor of 120698?
True
Does 1216 divide 5318396?
False
Does 1155 divide 841664?
False
Is 271440 a multiple of 52?
True
Is 12 a factor of 1183752?
True
Is 34 a factor of 1762050?
True
Does 26 divide 1609312?
False
Is 14519642 a multiple of 1715?
False
Is 108 a factor of 22788?
True
Does 87 divide 3996780?
True
Is 1099800 a multiple of 65?
True
Is 12503970 a multiple of 2154?
True
Is 86543 a multiple of 19?
False
Is 27988359 a multiple of 987?
True
Is 119049 a multiple of 4?
False
Is 367080 a multiple of 276?
True
Is 1709260 a multiple of 58?
True
Does 12 divide 102938?
False
Is 752858 a multiple of 10?
False
Is 20 a factor of 1388867?
False
Is 1343037 a multiple of 572?
False
Is 2172490 a multiple of 5?
True
Does 14 divide 5295682?
True
Is 7752 a multiple of 12?
True
Does 28 divide 213388?
True
Is 137 a factor of 17810?
True
Does 8 divide 5924328?
True
Is 74 a factor of 4186846?
True
Does 5 divide 35076?
False
Does 88 divide 76899?
False
Is 3858800 a multiple of 235?
False
Does 48 divide 339312?
True
Is 121 a factor of 1748571?
True
Is 1038019 a multiple of 12?
False
Is 25 a factor of 57250?
True
Does 58 divide 7389946?
False
Is 151 a factor of 573196?
True
Does 113 divide 580454?
False
Is 642150 a multiple of 15?
True
Is 716950 a multiple of 325?
True
Does 696 divide 1588866?
False
Is 64426 a multiple of 72?
False
Does 197 divide 79886?
False
Does 25 div